ors of d.
2, 3
Let s be 49 + (4 - 3 - 3). Suppose -s = -4*p - 3*k, 2*p = -k + 3*k + 34. What are the prime factors of p?
2, 7
Let f be 4/(-14) + (-23)/(-7). Suppose -f*m - 10 = -r - m, -r - 14 = 4*m. What are the prime factors of (-2)/(r/(-9)*3)?
3
Let f(h) = 47*h**3 + h**2 - 1. Suppose 6*n - 8*n = -2. List the prime factors of f(n).
47
List the prime factors of -1 - 12*(0 + -3).
5, 7
Let w = 10 + -7. Suppose 0 = 3*c - w*s - 75, 5*c + s - 50 = 69. What are the prime factors of c?
2, 3
Let c(j) = -j**2 + 0*j + 10 + 3*j - 9. Let d be c(4). Let r = d + 9. What are the prime factors of r?
2, 3
Suppose -2*d = -4*d + 20. Let n = d - 11. List the prime factors of -28*((-3)/(-4))/n.
3, 7
Let b = 130 + -81. List the prime factors of b.
7
Let k(p) = -2*p**3 + 2*p**2 + 3*p - 2. Suppose 0 = -2*a - 3*a + 5*u + 10, -5*u = -2*a + 4. Let w be k(a). What are the prime factors of (1/(-2))/(w/16)?
2
Let c be ((-2)/4)/(1/(-4)). Suppose -c*k + 2 = -g - 0*k, k = 4*g + 36. Let h = 20 + g. What are the prime factors of h?
2, 5
Let h = 53 - -5. What are the prime factors of h?
2, 29
Let l(u) = u**3 - 5*u**2 - 6*u - 7. Let s be l(6). Let q(w) = 2*w**2 + 8*w - 2. List the prime factors of q(s).
2, 5
Let a be (-123)/(-4)*(-4)/1. What are the prime factors of 2 - (-4)/((-12)/a)?
43
Let u = 22 - 19. Suppose 4*v - 204 = -4*w, -v + u*w = -2*v + 49. What are the prime factors of v?
2, 13
Let c = -41 + 80. What are the prime factors of c?
3, 13
Let p = 288 + -165. What are the prime factors of p?
3, 41
Let q(p) = -p**2 + 7*p + 2. Let k be q(7). Suppose 2*w = -k*w + 2*a - 82, 2*w - 2*a + 38 = 0. Let t = w + 31. What are the prime factors of t?
3
Suppose -4*c + 23 = 7. Let w be 0/c - 6/(-3). Suppose 51 = 5*x + w*i, x - 4*i - 24 = -3*x. List the prime factors of x.
3
Let c(o) = -o**3 - 4*o**2 + 6. What are the prime factors of c(-5)?
31
What are the prime factors of 168/(-18)*(-2 + 34/(-1))?
2, 3, 7
Suppose -166 = -4*z - 2*r, -2*z - 5*r = z - 121. List the prime factors of z.
2, 3, 7
What are the prime factors of 424/2 + (-45)/15?
11, 19
Let h(d) = d**2 - 2*d + 232. List the prime factors of h(0).
2, 29
Suppose -16*u + 855 = 3*u. What are the prime factors of u?
3, 5
Let l = 164 + -64. Suppose 0 = 5*f - f - l. What are the prime factors of f?
5
What are the prime factors of 524/26 + (-6)/39?
2, 5
Let c(r) = r. Let p(a) = -4*a - 7. Let n(l) = -3*c(l) - p(l). Let m = -22 + 17. What are the prime factors of n(m)?
2
Suppose 4*a = 13 + 179. List the prime factors of a.
2, 3
Let z = -4 - -9. Suppose -z*w + 15 = -t, 9 = -4*w + 5*t - 0. Suppose 5*a - 11 = -0*f + 3*f, w*f = 2*a + 4. What are the prime factors of a?
2
Let h = 12 + -39. Let a be 2/(-9) + (-6)/h. Suppose 4*u + 23 = 2*m + 3*u, -2*u - 10 = a. What are the prime factors of m?
3
Let t be 40/(-15)*(-9)/4. Let k(l) = -l**2 + 6*l - 2. Let n be k(t). What are the prime factors of ((-2)/n)/(2/8)?
2
Suppose 0*f = -f + 5*z + 10, 3*z + 62 = -5*f. Let t = f + 12. What are the prime factors of t?
2
Let c be ((-90)/(-36))/(2/4). Suppose 2*v + 5 = 2*z - 99, 119 = 2*z - c*v. List the prime factors of z.
47
List the prime factors of -44*(3/4 - 4).
11, 13
Suppose 39 = z + 3*d + d, 3*d = 3*z - 87. Let r(u) = -u**2 + 2*u + 4. Let w be r(6). Let y = z + w. List the prime factors of y.
11
Let n(q) be the first derivative of -3*q - 2 + 2/3*q**3 + 3/2*q**2. List the prime factors of n(-3).
2, 3
Let k be (-2)/(3 + 1)*0. Suppose 0 = -4*j - 5 + 41. Let w = k + j. What are the prime factors of w?
3
Let b be (-21)/(-4) - 5/20. Suppose -4*w - 246 = -b*q, w = 4*q + 4*w - 203. Suppose -x + q = 4*x. List the prime factors of x.
2, 5
Let w(m) = m + 10. Let s be w(-9). Let v(r) = -s - 2 + 0 + r. List the prime factors of v(12).
3
Let j(w) = -w**3 - 10*w**2 + 9*w + 9. What are the prime factors of j(-11)?
31
Let v = 23 - 11. What are the prime factors of v?
2, 3
Let u(k) = k - 1. Let j be u(-5). Let g(n) be the second derivative of n**5/20 + 7*n**4/12 + 2*n**3/3 + 5*n**2/2 + 2*n. List the prime factors of g(j).
17
Suppose -3*x + 28 = -0*x - 2*f, 0 = 2*x - 5*f - 15. List the prime factors of (-495)/18*(-16)/x.
2, 11
Suppose 0*d + 2*d - 20 = 0. Suppose d - 26 = -4*c. What are the prime factors of (-78)/(-8) + 1/c?
2, 5
Let p be 4/8*-18*1. What are the prime factors of (-11 - -1)/(p/45)?
2, 5
Let h = -141 + 242. What are the prime factors of h?
101
Let v(h) = h**2 + h - 18. Let m be v(0). Suppose -330 = 6*b + 5*b. Let y = m - b. List the prime factors of y.
2, 3
Let a = -20 - -20. Suppose a = -0*h - 3*h + 99. What are the prime factors of h?
3, 11
Let u(f) = 4*f + 7. Let r be u(-3). Let g be (-2)/(-8) - (-27)/4. Let q = g + r. List the prime factors of q.
2
Suppose -b + 29 = -129. What are the prime factors of b?
2, 79
Let t = 30 + -2. Let g = 39 - t. List the prime factors of g.
11
Suppose -2*i - 48 = 24. What are the prime factors of 3*4/(i/(-33))?
11
Let z(j) = -2*j**3 - 4*j**2 + 4*j - 6. List the prime factors of z(-5).
2, 31
Let x(a) = -a**2 - 3*a - 3. Let v be x(-3). Let g = v + 8. What are the prime factors of g?
5
Suppose -o - 58 - 8 = 0. Let q = -43 - o. Let f = q - 12. What are the prime factors of f?
11
Suppose -5 = 4*j + 4*c - 17, 2*j = -4*c + 16. List the prime factors of j/(-6) - (-22)/6.
2
Let x be 7/21 - 130/(-6). What are the prime factors of (1 + -2)*(7 - x)?
3, 5
Let b = -2 - 1. Let v = 10 + b. What are the prime factors of v?
7
Suppose 0 + 5 = -5*t. Let v = 6 - t. Let n(s) = 2*s - 1. List the prime factors of n(v).
13
Suppose -3*l - 6 = 0, -o - 3 + 7 = -2*l. Suppose o = -3*v + 4*f + 2 - 6, -4*v + 3*f + 4 = 0. What are the prime factors of v?
2
Let z = -21 + 19. What are the prime factors of (-4)/z*(3 - -23)?
2, 13
Suppose 0*r + 3*r - 687 = 0. List the prime factors of r.
229
What are the prime factors of (-2)/13 + (-7)/182*-3826?
3, 7
Let o(w) be the second derivative of 0*w**3 + 0 - 1/4*w**4 + w - 1/20*w**5 + 1/2*w**2. What are the prime factors of o(-4)?
17
Suppose 2*z = 5*z - 87. What are the prime factors of z?
29
Suppose 0 = m + 3*p - 14, m + 26 = -0*m + 5*p. List the prime factors of 3/m - 32/(-4).
5
Suppose 2 + 1 = n. Let w = 6 - 3. Suppose -t + 14 = n*u, w*t + 5 = -7. What are the prime factors of u?
2, 3
Suppose 27*w + 816 = 29*w. List the prime factors of w.
2, 3, 17
Suppose 3*r - 53 - 7 = 0. Suppose 0 = -f - f + r. What are the prime factors of f?
2, 5
Let z(v) = 5*v - 18. List the prime factors of z(11).
37
Let o(q) = 9*q + 14. Let z be o(-10). Let w = 108 + z. What are the prime factors of w?
2
Let w(d) = -55*d**3 + d**2 - 2*d + 1. Suppose 0 = f - 2, p - 3*f + 5 = -0*f. Let b be w(p). What are the prime factors of 2/6 + b/(-15)?
2
Let f(u) = -u - 2. Let v be f(-4). Suppose -5*n = -v*n - 24. Suppose 0 = -3*z - z - n, 0 = -5*o + 2*z + 19. What are the prime factors of o?
3
Suppose -5*d = q + q - 33, -2*q = -4*d - 78. Let r = -17 + q. What are the prime factors of r?
2, 3
Let l(x) = -2*x - 2. Let c be l(-2). Suppose 4*m + m + 5*w - 175 = 0, 0 = -3*m + c*w + 80. List the prime factors of m.
2, 3, 5
Let z = -266 + 530. What are the prime factors of z?
2, 3, 11
Let l(t) be the first derivative of -3*t**2 + t + 5. Suppose 3 = 2*y + 9. What are the prime factors of l(y)?
19
Let d(k) = -9 - k**3 + 0*k + 0*k**2 - 6*k**2 + 0*k**3 + 2*k. List the prime factors of d(-7).
2, 13
Suppose 4*q + 0*q + 4*l - 4 = 0, -4*l - 16 = 0. Let m = 10 - q. List the prime factors of m.
5
Let o be (12 + 0)*2/6. Suppose 5*x - 50 - 3 = -b, 5*b + o*x - 181 = 0. What are the prime factors of b?
3, 11
Suppose 0 = -9*f + 4*f + 25. Suppose p - 7 = -f*v, 4*p - 5*v + 1 = 2*p. List the prime factors of p.
2
Let j = 0 - -2. Let f be 1*j/(-3)*-3. List the prime factors of ((-28)/(-8))/(f/4).
7
Let p = -11 - -16. Suppose -3*i + 3*o + 162 = 0, -135 = -4*i - p*o + 54. List the prime factors of i.
3, 17
Suppose 24 + 18 = 4*t - 3*k, 5*k + 10 = 0. What are the prime factors of t?
3
Let y(h) = 4*h - 34. What are the prime factors of y(15)?
2, 13
Suppose q - 8 = -0*q. Suppose q*r = 5*r + 42. List the prime factors of r.
2, 7
Let z(y) = y**3 - 2*y**2 - 2*y - 3. Let c be z(3). Suppose -d + 5 + 0 = c. List the prime factors of d.
5
What are the prime factors of 1*-30*(-4 + (-5)/(-2))?
3, 5
Let s(u) = -u**3 + u + 27. Let c be s(0). List the prime factors of (c/(-9))/((-1)/9).
3
Let